
-4
What is the value of -1007 + 1089 - (67 - 5)?
20
Calculate 2 + 4 + 3 - (650 - 592).
-49
What is the value of -2 - (-14 - (21 - (-4 + 18))) - -75?
94
What is the value of (-1 - 12 - -17) + (-124 - -124)?
4
(-17 - 16) + 138 + -27
78
Evaluate 2 + -24 + 41 + -9 + -3 + -16.
-9
Evaluate -20 + (-9 + 11 - -31) + 6.
19
Evaluate (-51 - 1) + (-2 + -13 - -3) + 15.
-49
Calculate 2 - -120 - (60 - -108 - 125).
79
-26 - (-25 - -34) - (8 - -78)
-121
Calculate -4 + 1 + -75 + (-227 + 232 - (-2 - 2)).
-69
(-2 - 60) + -9 + -7 - -6 - 1
-73
7 + (-65 - (-18 - (26 - 21)))
-35
What is the value of (2 + 6 - ((9 - 9) + 14)) + -22?
-28
Evaluate -26 - (104 + -108 + -3 + -20).
1
-38 - (-5 + -31) - (-4 + 1 + 2 - -146)
-147
Calculate (23 - (-55 - -47)) + (9 - 2 - 3).
35
What is the value of 49 - (82 - (-60 - -94))?
1
190 - (125 - (39 - 26))
78
What is the value of 115 + -2 + -1 + -34989 + 34994?
117
Evaluate -25 + 32 + (2 - 8) + (6 - -7) + -71.
-57
What is the value of (31 - (2 + -2)) + (-10 - -17) + -1?
37
Calculate (-497 - -378) + 110 + -1 + 2 + 1 + 14.
7
Evaluate (-8 - (0 - 54)) + (159 - 143).
62
What is (28 - (36 + -16)) + (-3 - 0 - -6)?
11
Evaluate 1015 + -1020 + (-1 - -22).
16
What is (-17 - -34) + 3 - (-13 + 28)?
5
Evaluate 4 + -36 + (26 - 22) + (7 - 6).
-27
What is -17 + 7 - (32 + -34 + -20)?
12
Calculate -7 + 11 + 4 + -8 - -53.
53
Evaluate -259 + 231 + 55 + (1 - 1) + -3.
24
Evaluate (7 - 44) + -27 + (-13 - -15).
-62
What is (38 + 9 - 61) + 18?
4
What is the value of (57 - (6 - (7 - -4)) - 5) + 21 + -28?
50
3 + 19 + (-1 - 25)
-4
Evaluate -116 - -66 - (3 + -12 + -1).
-40
0 + (30 - 18) + -26 + -22
-36
Calculate 4 - 10 - (113 - 91).
-28
Evaluate (-79 - -1) + (346 - 371).
-103
What is 33 - (52 + (-14 - -23))?
-28
Calculate 133 - 30 - (-111 - -178).
36
(16 - -35 - 119) + (-1 - (0 + -3)) + 9
-57
10087 - 10091 - (1 - -74)
-79
What is 13 + 2 - (32 + -58 + 30) - 135?
-124
What is the value of 1 - -9 - (14 + -10 + 53 + -68)?
21
What is the value of 2 + -949 + 956 + (1 - (5 - 3) - 12)?
-4
What is the value of 29 + 1 - ((2 - -17) + 2 + (8 - 21))?
22
What is the value of 7 + (-29 - 40) + -7?
-69
Evaluate -550 - -573 - (-1 + 53) - 22.
-51
What is the value of (13 - 3) + (56 - (-4 + (-9 - -1) + 21))?
57
What is 116 - (225 + -109) - (2 + 16 + 2)?
-20
(6 - 42) + 0 - (-689 - -654)
-1
What is the value of (16 - -6 - 9) + -18 - (2 + 2) - -42?
33
What is 4 + -119 + (585 - 534)?
-64
Evaluate (-65 - (281 - 136)) + 109.
-101
What is -48 + (1 - (-29 + 14)) - -114?
82
-49 + -18 - (-21 - -29 - 21)
-54
What is the value of (8 + (-11 - -6) - (-1 + 4 - -17)) + 2?
-15
-93 - (8 + (19 - 9 - 5) - 7)
-99
What is -8 + -81 + -22 + 3?
-108
Evaluate (-54 - (-2 + -18 + 10)) + 12.
-32
Evaluate 29 + (-13 - -70) + (-4 - -27).
109
Calculate -46 - (-2 - -2 - -2) - (-2771 - -2768).
-45
Evaluate (20 - (42 + 12 + -22)) + 17.
5
What is 33 - (-62 + (-10 - -65))?
40
What is the value of (-10 - (12 - (7 + -13))) + 135?
107
Evaluate 67 + 15 + (-44 - 16).
22
What is the value of 2 + (-2 - 0) + 5 - (32 - 33) - 16?
-10
-1 + -25 - (-50 - -46) - -15
-7
What is the value of (-21 - -18) + (65 - 44)?
18
What is the value of -7 - (-9 + -26 + -12)?
40
What is 0 + (-2 - (5 + (-12 - (-10 + 5)))) + 9?
9
(23 - 158 - -19) + 9 + -16 - 8
-131
What is 28 - (-2 + -14 + 0 + 21)?
23
Evaluate 45 + -27 - (-14 + -8 + 83 + -8).
-35
-2 - 20 - (-37 - (98 + 30 - 37))
106
Calculate (6 - 3) + 3 - (68 - 22 - 16).
-24
What is 23 + -20 + -85 - (49 - 59)?
-72
What is the value of 30 + 0 + 1 + (2156 - 2144)?
43
What is the value of -5 + -22 + 8 + (60 - 44)?
-3
Calculate -123 + -64 + 127 - -102.
42
What is (43 - (18 - 4) - 6) + -16 + -47?
-40
Evaluate (242 - 366 - (0 - 16)) + 5 + -2.
-105
What is -20 - (16 + -10 - 12 - (-5 + -12))?
-31
What is (-49 + 51 + (-1 - -1) - 8) + 34?
28
(-30 + 1 - (-734 + 696)) + -151
-142
What is (0 - -6) + 77 + (49 - 99)?
33
What is -50 + -52 + 130 - (2 + 14)?
12
Calculate 29 + -130 + -1 + 1 - (-7 + 2).
-96
Calculate -69 + (171 - 39) + (-6 - 23).
34
What is the value of (-81 - -66) + (-120 - (-38 + 8))?
-105
(11 + -2 - (270 - 254)) + -7 + 0
-14
Evaluate 141 + (-186 - 86) + 115.
-16
Evaluate -15 + (3 - (8 + -18)) - -8 - 33.
-27
What is 58 + (-49 - -6 - 51)?
-36
What is the value of 2 + -4 + 2 + (2 - ((8 - 9) + 24))?
-21
Evaluate (24 - -30 - -33) + -12 - -8.
83
1510 - 1518 - (0 - (0 - 1))
-9
What is -16 + 37 + (4 - (-17 - -45))?
-3
What is 49 - (83 + -65 + 27)?
4
What is 9 - -1 - (38 + (-56 + 56 - (-3 - 3)))?
-34
Evaluate -97 - -150 - 134 - -91.
10
Calculate (-3 - (244 - 298)) + (-2 - -21).
70
-1 - -5 - (1 + (2 - 1)) - (88 - 52)
-34
What is the value of 40 - (-28 - -58) - (0 - (-1 - -3 - 27))?
-15
3 + -18 + 3 - (-161 + 189)
-40
Calculate -16 + (18 - 10) + -33 + 1 + -8.
-48
What is the value of -12 - -3 - ((-147 - -78) + 21)?
39
Calculate -19 + 15 + 8 - (-27 - (-4 + 5)).
32
What is the value of (55 - (-20 + 1)) + -65?
9
What is the value of -78 + 67 + (1 - -1) - 13?
-22
(-13 - -6) + (99 - 81) - -39
50
Calculate -1 + (9 - 16) + 1 + -1 + -5 + 48.
35
-36 + 30 - (-41 - -144)
-109
(-12 - -19) + (4 - 29) + 8
-10
What is -32 - -29 - (4 + 1) - 3 - 13?
-24
Evaluate 0 + 7 - (18 + 1 + (993 - 962)).
-43
What is the value of 7 + 3 + 2 + -7 - (-412 - -408) - 6?
3
Evaluate (4 - 52) + (-12 - 8 - -14).
-54
Calculate -4 + 1 + 47 - (563 - 544).
25
Calculate 39 - (-8 + 11) - 29.
7
Calculate -11 - 56 - (566 - 661).
28
13 + (1 - ((12 - 2) + -15) - (-1 - 14))
34
What is (15 - -46) + -34 + -19 + (6 - 0 - 3)?
11
What is -7 - (-6 - 1 - -9) - (-10 + -10)?
11
-2 + 26 - (34 - 31) - -10 - -3 - 5
29
Calculate -72 + 16 + -35 + 47.
-44
Calculate (-16 - (149 - 77)) + 4.
-84
Calculate (-36 - (13 + -26)) + 20.
-3
Evaluate 243 - ((123 - 124) + 131).
113
What is -125 + 190 - (-19 - 11)?
95
Evaluate 51 - (46 - -3) - 34.
-32
Evaluate -4 + 6 - -48 - (25 - (5 + 9)).
39
What is 56 - 40 - (-27 + 102)?
-59
Calculate (-14 - 1 - -1 - (-1 - 8)) + -1 + 26.
20
What is the value of (3 - -8) + 6 + -2 + 1019 + -1121?
-87
What is the value of 153 - 1 - (-17607 - -17626)?
133
(-99 - (-19 - 28)) + 19
-33
What is (-39 - ((10 - (14 + 9)) + 11)) + 19?
-18
Evaluate -12 - (-76 + (-22 - -73)).
13
-199 - (-660 - -380) - (0 - -27)
54
What is -33 - -1 - (-11056 + 11053)?
-29
What is the value of (156 - 369) + 216 - (-106 - 1)?
110
What is the value of (22 - -2) + (1711 - 1757)?
-22
What is -30 + 3 + 8 + (13 - 12 - 0)?
-18
-3 - (83 + -40 - 69) - 122
-99
Evaluate 40 - (0 + -4 + 6 - 2 - (215 + -219)).
36
Evaluate -87 + (9 - (-3 + 0 - -2)) + (-19 - -15).
-81
Evaluate -18 + (12 - 10) - (5 + -5 - 64 - -6).
42
Calculate 89 + (-3 - -2) + (4 - ((-4 - -6) + 0)).
90
What is the value of (5 + 21 - 44) + 4 + 23?
9
Calculate (13 - (187 - 107)) + (12 - 1) + -2.
-58
Evaluate (24 + -22 - 43) + (3 + -1 - (-2 + -3)).
-34
Evaluate 3 + (-2 - 0) - (-471 + 519).
-47
Calculate (9 - (2 + 13 - (41 - 13))) + -9 + 9.
22
What is the value of 6 - ((1 - 1) + (-42 - -60)) - (113 + -95)?
-30
What is the value of 55 - (-128 - -82 - -57)?
44
What is -100 + -107 + 189 - -99?
81
What is the value of (1 - 3 - 18) + 20 - (2 - 13)?
11
What is 11 - (0 - (-46 + 16 - (12 - (3 + -2))))?
-30
What is -1032 - -994 - (1 + -74)?
35
-16 + -9 + (2 - -4 - 5) + 3 + -4
-25
7 - (1 - (12 + (-52 - -12)))
-22
What is -30 - (-16 + -5 + 9 + 10 + 10)?
-38
103 - 137 - (1 - 1)
-34
Calculate 59 + (27 - (-8 + 5)) + -7.
82
What is 150 + (-71 - (-2 + -40))?
121
Calculate -2 + 3 + -3 + -3 - (-2 - (13 + 5)).
15
47 - ((110 - -12) + -45)
-30
Evaluate -1 - (-134 + 154 - (-15 + 3)).
-33
What is the value of -11 - (0 + -11 - (0 + -7 + (27 - 46)))?
-26
Calculate (74 + -53 - 54) + 53.
20
Calculate 108 - 2 - (-91 - -118 - 45).
124
Calculate 1 - 71 - (5101 - 5128).
-43
(-9 - (14 + -33)) + -7 + 7 + 11
21
What is the value of -71 - -89 - (-1 - -56) - 59?
-96
Calculate (1 - -3) + (-106 - -39) + (7 - (0 + 5)).
-61
-10 - (3 - (3 + -2) - 2) - (-2561 - -2605)
-54
(6 - (30 + (9 + -10 - 5))) + 11
-7
-47 + 16 + 3 + 32 + (1 + -1 - -32)
36
What is -9 + (-3 - -1) + 77 + -21 + -54 - 6?
-15
Evaluate 45 - 48 - (-1 - -10) - (24 - -3).
-39
Evaluate -64 + -8 + 66 - -64.
58
-434 + 464 + (3 - 37)
-4
Evaluate (67 - 145 - -89) + -50.
-39
Evaluate -143 + 20 + 45 + -50 + 6 + -2.
-124
What is the value of ((11 - 33) + -5 - 2) + 4?
-25
Evaluate -9 - ((39 - (-3 - -1)) + 0).
-50
23 + 11 + (